{"id":284,"date":"2019-06-17T12:14:27","date_gmt":"2019-06-17T12:14:27","guid":{"rendered":"https:\/\/melanie-mordogan-naturopathe.fr\/?post_type=product&#038;p=284"},"modified":"2025-08-28T23:08:52","modified_gmt":"2025-08-28T23:08:52","slug":"bon-cadeau-massage-traditionnel-balinais","status":"publish","type":"product","link":"https:\/\/melanie-mordogan-naturopathe.fr\/?product=bon-cadeau-massage-traditionnel-balinais","title":{"rendered":"Massage Traditionnel Balinais (1h)"},"content":{"rendered":"<p>&nbsp;<\/p>\n<p>Ce massage\u00b0 ancestral a pour but de reconstituer l&rsquo;\u00e9quilibre entre l&rsquo;\u00e2me et le corps.<br \/>\nRelaxant et \u00e9nerg\u00e9tique, il permet de sculpter la silhouette et d&rsquo;\u00e9vacuer le stress.<\/p>\n<p>Ses bienfaits :<\/p>\n<ul>\n<li>relaxation profonde et d\u00e9tente<\/li>\n<li>sculpture de la silhouette<\/li>\n<li>dispersion des zones de tension<\/li>\n<li>am\u00e9lioration de la circulation<\/li>\n<li>assouplissement musculaire<\/li>\n<li>assouplissement du tissu cutan\u00e9<\/li>\n<li>revitalisation et r\u00e9g\u00e9n\u00e9ration globale<\/li>\n<li>r\u00e9\u00e9quilibrage \u00e9nerg\u00e9tique.<\/li>\n<\/ul>\n<p>\u00b0Massage r\u00e9serv\u00e9 aux dames, non m\u00e9dical et non kin\u00e9sith\u00e9rapeutique.<\/p>\n","protected":false},"excerpt":{"rendered":"<p>Massage r\u00e9serv\u00e9 aux dames<\/p>\n<p>Le Massage Traditionnel Balinais est un massage\u00b0 complet du corps, profond, raffermissant, \u00e0 la fois doux et tonique.<\/p>\n","protected":false},"featured_media":218,"template":"","meta":[],"product_cat":[19],"product_tag":[],"yoast_head":"<!-- This site is optimized with the Yoast SEO plugin v24.5 - https:\/\/yoast.com\/wordpress\/plugins\/seo\/ -->\n<title>Massage Traditionnel Balinais (1h) - M\u00e9lanie Mordogan NATUROPATHE - Nutrith\u00e9rapeute<\/title>\n<meta name=\"robots\" content=\"index, follow, max-snippet:-1, max-image-preview:large, max-video-preview:-1\" \/>\n<link rel=\"canonical\" href=\"https:\/\/melanie-mordogan-naturopathe.fr\/?product=bon-cadeau-massage-traditionnel-balinais\" \/>\n<meta property=\"og:locale\" content=\"fr_FR\" \/>\n<meta property=\"og:type\" content=\"article\" \/>\n<meta property=\"og:title\" content=\"Massage Traditionnel Balinais (1h) - M\u00e9lanie Mordogan NATUROPATHE - Nutrith\u00e9rapeute\" \/>\n<meta property=\"og:description\" content=\"Massage r\u00e9serv\u00e9 aux dames  Le Massage Traditionnel Balinais est un massage\u00b0 complet du corps, profond, raffermissant, \u00e0 la fois doux et tonique.\" \/>\n<meta property=\"og:url\" content=\"https:\/\/melanie-mordogan-naturopathe.fr\/?product=bon-cadeau-massage-traditionnel-balinais\" \/>\n<meta property=\"og:site_name\" content=\"M\u00e9lanie Mordogan NATUROPATHE - Nutrith\u00e9rapeute\" \/>\n<meta property=\"article:modified_time\" content=\"2025-08-28T23:08:52+00:00\" \/>\n<meta property=\"og:image\" content=\"https:\/\/melanie-mordogan-naturopathe.fr\/wp-content\/uploads\/2019\/03\/Massage8.jpg\" \/>\n\t<meta property=\"og:image:width\" content=\"1920\" \/>\n\t<meta property=\"og:image:height\" content=\"1200\" \/>\n\t<meta property=\"og:image:type\" content=\"image\/jpeg\" \/>\n<meta name=\"twitter:card\" content=\"summary_large_image\" \/>\n<script type=\"application\/ld+json\" class=\"yoast-schema-graph\">{\"@context\":\"https:\/\/schema.org\",\"@graph\":[{\"@type\":\"WebPage\",\"@id\":\"https:\/\/melanie-mordogan-naturopathe.fr\/?product=bon-cadeau-massage-traditionnel-balinais\",\"url\":\"https:\/\/melanie-mordogan-naturopathe.fr\/?product=bon-cadeau-massage-traditionnel-balinais\",\"name\":\"Massage Traditionnel Balinais (1h) - M\u00e9lanie Mordogan NATUROPATHE - Nutrith\u00e9rapeute\",\"isPartOf\":{\"@id\":\"https:\/\/melanie-mordogan-naturopathe.fr\/#website\"},\"primaryImageOfPage\":{\"@id\":\"https:\/\/melanie-mordogan-naturopathe.fr\/?product=bon-cadeau-massage-traditionnel-balinais#primaryimage\"},\"image\":{\"@id\":\"https:\/\/melanie-mordogan-naturopathe.fr\/?product=bon-cadeau-massage-traditionnel-balinais#primaryimage\"},\"thumbnailUrl\":\"https:\/\/melanie-mordogan-naturopathe.fr\/wp-content\/uploads\/2019\/03\/Massage8.jpg\",\"datePublished\":\"2019-06-17T12:14:27+00:00\",\"dateModified\":\"2025-08-28T23:08:52+00:00\",\"breadcrumb\":{\"@id\":\"https:\/\/melanie-mordogan-naturopathe.fr\/?product=bon-cadeau-massage-traditionnel-balinais#breadcrumb\"},\"inLanguage\":\"fr-FR\",\"potentialAction\":[{\"@type\":\"ReadAction\",\"target\":[\"https:\/\/melanie-mordogan-naturopathe.fr\/?product=bon-cadeau-massage-traditionnel-balinais\"]}]},{\"@type\":\"ImageObject\",\"inLanguage\":\"fr-FR\",\"@id\":\"https:\/\/melanie-mordogan-naturopathe.fr\/?product=bon-cadeau-massage-traditionnel-balinais#primaryimage\",\"url\":\"https:\/\/melanie-mordogan-naturopathe.fr\/wp-content\/uploads\/2019\/03\/Massage8.jpg\",\"contentUrl\":\"https:\/\/melanie-mordogan-naturopathe.fr\/wp-content\/uploads\/2019\/03\/Massage8.jpg\",\"width\":1920,\"height\":1200},{\"@type\":\"BreadcrumbList\",\"@id\":\"https:\/\/melanie-mordogan-naturopathe.fr\/?product=bon-cadeau-massage-traditionnel-balinais#breadcrumb\",\"itemListElement\":[{\"@type\":\"ListItem\",\"position\":1,\"name\":\"Accueil\",\"item\":\"https:\/\/melanie-mordogan-naturopathe.fr\/\"},{\"@type\":\"ListItem\",\"position\":2,\"name\":\"Boutique\",\"item\":\"https:\/\/melanie-mordogan-naturopathe.fr\/?page_id=269\"},{\"@type\":\"ListItem\",\"position\":3,\"name\":\"Massage Traditionnel Balinais (1h)\"}]},{\"@type\":\"WebSite\",\"@id\":\"https:\/\/melanie-mordogan-naturopathe.fr\/#website\",\"url\":\"https:\/\/melanie-mordogan-naturopathe.fr\/\",\"name\":\"M\u00e9lanie Mordogan NATUROPATHE - Nutrith\u00e9rapeute\",\"description\":\"\",\"potentialAction\":[{\"@type\":\"SearchAction\",\"target\":{\"@type\":\"EntryPoint\",\"urlTemplate\":\"https:\/\/melanie-mordogan-naturopathe.fr\/?s={search_term_string}\"},\"query-input\":{\"@type\":\"PropertyValueSpecification\",\"valueRequired\":true,\"valueName\":\"search_term_string\"}}],\"inLanguage\":\"fr-FR\"}]}<\/script>\n<!-- \/ Yoast SEO plugin. -->","yoast_head_json":{"title":"Massage Traditionnel Balinais (1h) - M\u00e9lanie Mordogan NATUROPATHE - Nutrith\u00e9rapeute","robots":{"index":"index","follow":"follow","max-snippet":"max-snippet:-1","max-image-preview":"max-image-preview:large","max-video-preview":"max-video-preview:-1"},"canonical":"https:\/\/melanie-mordogan-naturopathe.fr\/?product=bon-cadeau-massage-traditionnel-balinais","og_locale":"fr_FR","og_type":"article","og_title":"Massage Traditionnel Balinais (1h) - M\u00e9lanie Mordogan NATUROPATHE - Nutrith\u00e9rapeute","og_description":"Massage r\u00e9serv\u00e9 aux dames  Le Massage Traditionnel Balinais est un massage\u00b0 complet du corps, profond, raffermissant, \u00e0 la fois doux et tonique.","og_url":"https:\/\/melanie-mordogan-naturopathe.fr\/?product=bon-cadeau-massage-traditionnel-balinais","og_site_name":"M\u00e9lanie Mordogan NATUROPATHE - Nutrith\u00e9rapeute","article_modified_time":"2025-08-28T23:08:52+00:00","og_image":[{"width":1920,"height":1200,"url":"https:\/\/melanie-mordogan-naturopathe.fr\/wp-content\/uploads\/2019\/03\/Massage8.jpg","type":"image\/jpeg"}],"twitter_card":"summary_large_image","schema":{"@context":"https:\/\/schema.org","@graph":[{"@type":"WebPage","@id":"https:\/\/melanie-mordogan-naturopathe.fr\/?product=bon-cadeau-massage-traditionnel-balinais","url":"https:\/\/melanie-mordogan-naturopathe.fr\/?product=bon-cadeau-massage-traditionnel-balinais","name":"Massage Traditionnel Balinais (1h) - M\u00e9lanie Mordogan NATUROPATHE - Nutrith\u00e9rapeute","isPartOf":{"@id":"https:\/\/melanie-mordogan-naturopathe.fr\/#website"},"primaryImageOfPage":{"@id":"https:\/\/melanie-mordogan-naturopathe.fr\/?product=bon-cadeau-massage-traditionnel-balinais#primaryimage"},"image":{"@id":"https:\/\/melanie-mordogan-naturopathe.fr\/?product=bon-cadeau-massage-traditionnel-balinais#primaryimage"},"thumbnailUrl":"https:\/\/melanie-mordogan-naturopathe.fr\/wp-content\/uploads\/2019\/03\/Massage8.jpg","datePublished":"2019-06-17T12:14:27+00:00","dateModified":"2025-08-28T23:08:52+00:00","breadcrumb":{"@id":"https:\/\/melanie-mordogan-naturopathe.fr\/?product=bon-cadeau-massage-traditionnel-balinais#breadcrumb"},"inLanguage":"fr-FR","potentialAction":[{"@type":"ReadAction","target":["https:\/\/melanie-mordogan-naturopathe.fr\/?product=bon-cadeau-massage-traditionnel-balinais"]}]},{"@type":"ImageObject","inLanguage":"fr-FR","@id":"https:\/\/melanie-mordogan-naturopathe.fr\/?product=bon-cadeau-massage-traditionnel-balinais#primaryimage","url":"https:\/\/melanie-mordogan-naturopathe.fr\/wp-content\/uploads\/2019\/03\/Massage8.jpg","contentUrl":"https:\/\/melanie-mordogan-naturopathe.fr\/wp-content\/uploads\/2019\/03\/Massage8.jpg","width":1920,"height":1200},{"@type":"BreadcrumbList","@id":"https:\/\/melanie-mordogan-naturopathe.fr\/?product=bon-cadeau-massage-traditionnel-balinais#breadcrumb","itemListElement":[{"@type":"ListItem","position":1,"name":"Accueil","item":"https:\/\/melanie-mordogan-naturopathe.fr\/"},{"@type":"ListItem","position":2,"name":"Boutique","item":"https:\/\/melanie-mordogan-naturopathe.fr\/?page_id=269"},{"@type":"ListItem","position":3,"name":"Massage Traditionnel Balinais (1h)"}]},{"@type":"WebSite","@id":"https:\/\/melanie-mordogan-naturopathe.fr\/#website","url":"https:\/\/melanie-mordogan-naturopathe.fr\/","name":"M\u00e9lanie Mordogan NATUROPATHE - Nutrith\u00e9rapeute","description":"","potentialAction":[{"@type":"SearchAction","target":{"@type":"EntryPoint","urlTemplate":"https:\/\/melanie-mordogan-naturopathe.fr\/?s={search_term_string}"},"query-input":{"@type":"PropertyValueSpecification","valueRequired":true,"valueName":"search_term_string"}}],"inLanguage":"fr-FR"}]}},"jetpack_sharing_enabled":true,"_links":{"self":[{"href":"https:\/\/melanie-mordogan-naturopathe.fr\/index.php?rest_route=\/wp\/v2\/product\/284"}],"collection":[{"href":"https:\/\/melanie-mordogan-naturopathe.fr\/index.php?rest_route=\/wp\/v2\/product"}],"about":[{"href":"https:\/\/melanie-mordogan-naturopathe.fr\/index.php?rest_route=\/wp\/v2\/types\/product"}],"wp:featuredmedia":[{"embeddable":true,"href":"https:\/\/melanie-mordogan-naturopathe.fr\/index.php?rest_route=\/wp\/v2\/media\/218"}],"wp:attachment":[{"href":"https:\/\/melanie-mordogan-naturopathe.fr\/index.php?rest_route=%2Fwp%2Fv2%2Fmedia&parent=284"}],"wp:term":[{"taxonomy":"product_cat","embeddable":true,"href":"https:\/\/melanie-mordogan-naturopathe.fr\/index.php?rest_route=%2Fwp%2Fv2%2Fproduct_cat&post=284"},{"taxonomy":"product_tag","embeddable":true,"href":"https:\/\/melanie-mordogan-naturopathe.fr\/index.php?rest_route=%2Fwp%2Fv2%2Fproduct_tag&post=284"}],"curies":[{"name":"wp","href":"https:\/\/api.w.org\/{rel}","templated":true}]}}